{"id":367,"date":"2023-04-14T15:26:55","date_gmt":"2023-04-14T18:26:55","guid":{"rendered":"https:\/\/editora.historiadapsicologia.com.br\/?page_id=367"},"modified":"2024-01-06T17:19:27","modified_gmt":"2024-01-06T20:19:27","slug":"wikihp","status":"publish","type":"page","link":"https:\/\/editora.historiadapsicologia.com.br\/index.php\/wikihp\/","title":{"rendered":"WikiHP"},"content":{"rendered":"\t\t<div data-elementor-type=\"wp-page\" data-elementor-id=\"367\" class=\"elementor elementor-367\">\n\t\t\t\t\t\t<section class=\"elementor-section elementor-top-section elementor-element elementor-element-1b89c53 elementor-section-stretched elementor-section-boxed elementor-section-height-default elementor-section-height-default\" data-id=\"1b89c53\" data-element_type=\"section\" data-e-type=\"section\" data-settings=\"{&quot;stretch_section&quot;:&quot;section-stretched&quot;}\">\n\t\t\t\t\t\t<div class=\"elementor-container elementor-column-gap-default\">\n\t\t\t\t\t<div class=\"elementor-column elementor-col-50 elementor-top-column elementor-element elementor-element-fd02d68\" data-id=\"fd02d68\" data-element_type=\"column\" data-e-type=\"column\">\n\t\t\t<div class=\"elementor-widget-wrap elementor-element-populated\">\n\t\t\t\t\t\t<div class=\"elementor-element elementor-element-74d615c elementor-widget elementor-widget-image\" data-id=\"74d615c\" data-element_type=\"widget\" data-e-type=\"widget\" data-widget_type=\"image.default\">\n\t\t\t\t<div class=\"elementor-widget-container\">\n\t\t\t\t\t\t\t\t\t\t\t\t\t\t\t<img fetchpriority=\"high\" decoding=\"async\" width=\"722\" height=\"1024\" src=\"https:\/\/editora.historiadapsicologia.com.br\/wp-content\/uploads\/2023\/04\/Capa-Livro-WikiHP-A5-722x1024.png\" class=\"attachment-large size-large wp-image-18\" alt=\"\" srcset=\"https:\/\/editora.historiadapsicologia.com.br\/wp-content\/uploads\/2023\/04\/Capa-Livro-WikiHP-A5-722x1024.png 722w, https:\/\/editora.historiadapsicologia.com.br\/wp-content\/uploads\/2023\/04\/Capa-Livro-WikiHP-A5-212x300.png 212w, https:\/\/editora.historiadapsicologia.com.br\/wp-content\/uploads\/2023\/04\/Capa-Livro-WikiHP-A5-768x1089.png 768w, https:\/\/editora.historiadapsicologia.com.br\/wp-content\/uploads\/2023\/04\/Capa-Livro-WikiHP-A5-1083x1536.png 1083w, https:\/\/editora.historiadapsicologia.com.br\/wp-content\/uploads\/2023\/04\/Capa-Livro-WikiHP-A5.png 1410w\" sizes=\"(max-width: 722px) 100vw, 722px\" style=\"width:100%;height:141.84%;max-width:1410px\" \/>\t\t\t\t\t\t\t\t\t\t\t\t\t\t\t<\/div>\n\t\t\t\t<\/div>\n\t\t\t\t\t<\/div>\n\t\t<\/div>\n\t\t\t\t<div class=\"elementor-column elementor-col-50 elementor-top-column elementor-element elementor-element-c815fa9\" data-id=\"c815fa9\" data-element_type=\"column\" data-e-type=\"column\">\n\t\t\t<div class=\"elementor-widget-wrap elementor-element-populated\">\n\t\t\t\t\t\t<div class=\"elementor-element elementor-element-aad3561 elementor-widget__width-initial elementor-widget elementor-widget-text-editor\" data-id=\"aad3561\" data-element_type=\"widget\" data-e-type=\"widget\" data-widget_type=\"text-editor.default\">\n\t\t\t\t<div class=\"elementor-widget-container\">\n\t\t\t\t\t\t\t\t\t<h2 id=\"sparrow\" class=\"has-text-align-left has-large-font-size wp-block-heading\"><em><strong>WikiHP \u2013 Pol\u00edticas, defini\u00e7\u00f5es, orienta\u00e7\u00f5es e estilo<\/strong><\/em><\/h2><h2 class=\"has-text-align-left has-medium-font-size wp-block-heading\">Andr\u00e9 Elias Morelli Ribeiro<\/h2><p>\u00a0<\/p><p>ISBN: 978-65-997325-0-8<\/p><p>\u00a0<\/p><p id=\"sparrow\" class=\"has-text-align-left has-medium-font-size wp-block-heading\"><em><a href=\"https:\/\/zenodo.org\/record\/6337937\">Link DOI<\/a><\/em><\/p><p class=\"has-text-align-left has-medium-font-size\"><em><a href=\"https:\/\/drive.google.com\/file\/d\/1NbsTjNYz2UoyX2HAYHdDwTNRb2BUZ0AT\/view?usp=sharing\">Link Google Drive<\/a><\/em><\/p>\t\t\t\t\t\t\t\t<\/div>\n\t\t\t\t<\/div>\n\t\t\t\t\t<\/div>\n\t\t<\/div>\n\t\t\t\t\t<\/div>\n\t\t<\/section>\n\t\t\t\t<section class=\"elementor-section elementor-top-section elementor-element elementor-element-c2abdf3 elementor-section-stretched elementor-section-boxed elementor-section-height-default elementor-section-height-default\" data-id=\"c2abdf3\" data-element_type=\"section\" data-e-type=\"section\" data-settings=\"{&quot;stretch_section&quot;:&quot;section-stretched&quot;}\">\n\t\t\t\t\t\t<div class=\"elementor-container elementor-column-gap-default\">\n\t\t\t\t\t<div class=\"elementor-column elementor-col-100 elementor-top-column elementor-element elementor-element-a482aa2\" data-id=\"a482aa2\" data-element_type=\"column\" data-e-type=\"column\">\n\t\t\t<div class=\"elementor-widget-wrap elementor-element-populated\">\n\t\t\t\t\t\t<div class=\"elementor-element elementor-element-1c6ddd7 elementor-widget elementor-widget-text-editor\" data-id=\"1c6ddd7\" data-element_type=\"widget\" data-e-type=\"widget\" data-widget_type=\"text-editor.default\">\n\t\t\t\t<div class=\"elementor-widget-container\">\n\t\t\t\t\t\t\t\t\t<p class=\"has-text-align-left has-medium-font-size\">Como citar:<\/p><p>\u00a0<\/p><p><strong>ABNT<br \/><\/strong>RIBEIRO, Andr\u00e9 Elias Morelli.\u00a0<strong>WikiHP<\/strong>: pol\u00edticas, defini\u00e7\u00f5es, orienta\u00e7\u00f5es e estilo. Rio das Ostras, RJ: Editora do Portal Hist\u00f3ria da Psicologia, 2022. Dispon\u00edvel em: https:\/\/doi.org\/10.5281\/zenodo.6337937. Acesso em:<\/p><p>\u00a0<\/p><p class=\"has-text-align-left\"><strong>APA<\/strong><\/p><p class=\"has-text-align-left\">Ribeiro, A. E. M. (2022).\u00a0<em>WikiHP: pol\u00edticas, defini\u00e7\u00f5es, orienta\u00e7\u00f5es e estilo<\/em>. Rio das Ostras: Editora do Portal Hist\u00f3ria da Psicologia. Retirado de https:\/\/doi.org\/10.5281\/zenodo.6337937<\/p>\t\t\t\t\t\t\t\t<\/div>\n\t\t\t\t<\/div>\n\t\t\t\t\t<\/div>\n\t\t<\/div>\n\t\t\t\t\t<\/div>\n\t\t<\/section>\n\t\t\t\t<section class=\"elementor-section elementor-top-section elementor-element elementor-element-b5313e0 elementor-section-boxed elementor-section-height-default elementor-section-height-default\" data-id=\"b5313e0\" data-element_type=\"section\" data-e-type=\"section\">\n\t\t\t\t\t\t<div class=\"elementor-container elementor-column-gap-default\">\n\t\t\t\t\t<div class=\"elementor-column elementor-col-100 elementor-top-column elementor-element elementor-element-cd8dd7a\" data-id=\"cd8dd7a\" data-element_type=\"column\" data-e-type=\"column\">\n\t\t\t<div class=\"elementor-widget-wrap elementor-element-populated\">\n\t\t\t\t\t\t<div class=\"elementor-element elementor-element-83410a9 elementor-widget-divider--view-line elementor-widget elementor-widget-divider\" data-id=\"83410a9\" data-element_type=\"widget\" data-e-type=\"widget\" data-widget_type=\"divider.default\">\n\t\t\t\t<div class=\"elementor-widget-container\">\n\t\t\t\t\t\t\t<div class=\"elementor-divider\">\n\t\t\t<span class=\"elementor-divider-separator\">\n\t\t\t\t\t\t<\/span>\n\t\t<\/div>\n\t\t\t\t\t\t<\/div>\n\t\t\t\t<\/div>\n\t\t\t\t\t<\/div>\n\t\t<\/div>\n\t\t\t\t\t<\/div>\n\t\t<\/section>\n\t\t\t\t<\/div>\n\t\t","protected":false},"excerpt":{"rendered":"<p>WikiHP \u2013 Pol\u00edticas, defini\u00e7\u00f5es, orienta\u00e7\u00f5es e estilo Andr\u00e9 Elias Morelli Ribeiro \u00a0 ISBN: 978-65-997325-0-8 \u00a0 Link DOI Link Google Drive Como citar: \u00a0 ABNTRIBEIRO, Andr\u00e9 Elias Morelli.\u00a0WikiHP: pol\u00edticas, defini\u00e7\u00f5es, orienta\u00e7\u00f5es e estilo. Rio das Ostras, RJ: Editora do Portal Hist\u00f3ria da Psicologia, 2022. Dispon\u00edvel em: https:\/\/doi.org\/10.5281\/zenodo.6337937. Acesso em: \u00a0 APA Ribeiro, A. E. M. (2022).\u00a0WikiHP:&hellip; <a class=\"more-link\" href=\"https:\/\/editora.historiadapsicologia.com.br\/index.php\/wikihp\/\">Continuar lendo <span class=\"screen-reader-text\">WikiHP<\/span><\/a><\/p>\n","protected":false},"author":1,"featured_media":0,"parent":0,"menu_order":0,"comment_status":"closed","ping_status":"closed","template":"","meta":{"_monsterinsights_skip_tracking":false,"_monsterinsights_sitenote_active":false,"_monsterinsights_sitenote_note":"","_monsterinsights_sitenote_category":0,"footnotes":""},"class_list":["post-367","page","type-page","status-publish","hentry","entry"],"yoast_head":"<!-- This site is optimized with the Yoast SEO plugin v27.2 - https:\/\/yoast.com\/product\/yoast-seo-wordpress\/ -->\n<title>WikiHP - Editora do Portal<\/title>\n<meta name=\"robots\" content=\"index, follow, max-snippet:-1, max-image-preview:large, max-video-preview:-1\" \/>\n<link rel=\"canonical\" href=\"https:\/\/editora.historiadapsicologia.com.br\/index.php\/wikihp\/\" \/>\n<meta property=\"og:locale\" content=\"pt_BR\" \/>\n<meta property=\"og:type\" content=\"article\" \/>\n<meta property=\"og:title\" content=\"WikiHP - Editora do Portal\" \/>\n<meta property=\"og:description\" content=\"WikiHP \u2013 Pol\u00edticas, defini\u00e7\u00f5es, orienta\u00e7\u00f5es e estilo Andr\u00e9 Elias Morelli Ribeiro \u00a0 ISBN: 978-65-997325-0-8 \u00a0 Link DOI Link Google Drive Como citar: \u00a0 ABNTRIBEIRO, Andr\u00e9 Elias Morelli.\u00a0WikiHP: pol\u00edticas, defini\u00e7\u00f5es, orienta\u00e7\u00f5es e estilo. Rio das Ostras, RJ: Editora do Portal Hist\u00f3ria da Psicologia, 2022. Dispon\u00edvel em: https:\/\/doi.org\/10.5281\/zenodo.6337937. Acesso em: \u00a0 APA Ribeiro, A. E. M. (2022).\u00a0WikiHP:&hellip; Continuar lendo WikiHP\" \/>\n<meta property=\"og:url\" content=\"https:\/\/editora.historiadapsicologia.com.br\/index.php\/wikihp\/\" \/>\n<meta property=\"og:site_name\" content=\"Editora do Portal\" \/>\n<meta property=\"article:publisher\" content=\"https:\/\/www.facebook.com\/HistoriaDaPsicologiaBrasil\/\" \/>\n<meta property=\"article:modified_time\" content=\"2024-01-06T20:19:27+00:00\" \/>\n<meta property=\"og:image\" content=\"https:\/\/editora.historiadapsicologia.com.br\/wp-content\/uploads\/2023\/04\/Capa-Livro-WikiHP-A5.png\" \/>\n\t<meta property=\"og:image:width\" content=\"1410\" \/>\n\t<meta property=\"og:image:height\" content=\"2000\" \/>\n\t<meta property=\"og:image:type\" content=\"image\/png\" \/>\n<meta name=\"twitter:card\" content=\"summary_large_image\" \/>\n<meta name=\"twitter:site\" content=\"@Hist_Psicologia\" \/>\n<script type=\"application\/ld+json\" class=\"yoast-schema-graph\">{\"@context\":\"https:\/\/schema.org\",\"@graph\":[{\"@type\":\"WebPage\",\"@id\":\"https:\/\/editora.historiadapsicologia.com.br\/index.php\/wikihp\/\",\"url\":\"https:\/\/editora.historiadapsicologia.com.br\/index.php\/wikihp\/\",\"name\":\"WikiHP - Editora do Portal\",\"isPartOf\":{\"@id\":\"https:\/\/editora.historiadapsicologia.com.br\/#website\"},\"primaryImageOfPage\":{\"@id\":\"https:\/\/editora.historiadapsicologia.com.br\/index.php\/wikihp\/#primaryimage\"},\"image\":{\"@id\":\"https:\/\/editora.historiadapsicologia.com.br\/index.php\/wikihp\/#primaryimage\"},\"thumbnailUrl\":\"https:\/\/editora.historiadapsicologia.com.br\/wp-content\/uploads\/2023\/04\/Capa-Livro-WikiHP-A5-722x1024.png\",\"datePublished\":\"2023-04-14T18:26:55+00:00\",\"dateModified\":\"2024-01-06T20:19:27+00:00\",\"breadcrumb\":{\"@id\":\"https:\/\/editora.historiadapsicologia.com.br\/index.php\/wikihp\/#breadcrumb\"},\"inLanguage\":\"pt-BR\",\"potentialAction\":[{\"@type\":\"ReadAction\",\"target\":[\"https:\/\/editora.historiadapsicologia.com.br\/index.php\/wikihp\/\"]}]},{\"@type\":\"ImageObject\",\"inLanguage\":\"pt-BR\",\"@id\":\"https:\/\/editora.historiadapsicologia.com.br\/index.php\/wikihp\/#primaryimage\",\"url\":\"https:\/\/editora.historiadapsicologia.com.br\/wp-content\/uploads\/2023\/04\/Capa-Livro-WikiHP-A5.png\",\"contentUrl\":\"https:\/\/editora.historiadapsicologia.com.br\/wp-content\/uploads\/2023\/04\/Capa-Livro-WikiHP-A5.png\",\"width\":1410,\"height\":2000,\"caption\":\"WikiHP: pol\u00edticas, defini\u00e7\u00f5es, orienta\u00e7\u00f5es e estilo\"},{\"@type\":\"BreadcrumbList\",\"@id\":\"https:\/\/editora.historiadapsicologia.com.br\/index.php\/wikihp\/#breadcrumb\",\"itemListElement\":[{\"@type\":\"ListItem\",\"position\":1,\"name\":\"In\u00edcio\",\"item\":\"https:\/\/editora.historiadapsicologia.com.br\/\"},{\"@type\":\"ListItem\",\"position\":2,\"name\":\"WikiHP\"}]},{\"@type\":\"WebSite\",\"@id\":\"https:\/\/editora.historiadapsicologia.com.br\/#website\",\"url\":\"https:\/\/editora.historiadapsicologia.com.br\/\",\"name\":\"Editora do Portal\",\"description\":\"Editora vinculada ao Portal Hist\u00f3ria da Psicologia\",\"publisher\":{\"@id\":\"https:\/\/editora.historiadapsicologia.com.br\/#organization\"},\"potentialAction\":[{\"@type\":\"SearchAction\",\"target\":{\"@type\":\"EntryPoint\",\"urlTemplate\":\"https:\/\/editora.historiadapsicologia.com.br\/?s={search_term_string}\"},\"query-input\":{\"@type\":\"PropertyValueSpecification\",\"valueRequired\":true,\"valueName\":\"search_term_string\"}}],\"inLanguage\":\"pt-BR\"},{\"@type\":\"Organization\",\"@id\":\"https:\/\/editora.historiadapsicologia.com.br\/#organization\",\"name\":\"Editora do Portal\",\"url\":\"https:\/\/editora.historiadapsicologia.com.br\/\",\"logo\":{\"@type\":\"ImageObject\",\"inLanguage\":\"pt-BR\",\"@id\":\"https:\/\/editora.historiadapsicologia.com.br\/#\/schema\/logo\/image\/\",\"url\":\"https:\/\/editora.historiadapsicologia.com.br\/wp-content\/uploads\/2023\/04\/cropped-Logo-editora-simples.jpg\",\"contentUrl\":\"https:\/\/editora.historiadapsicologia.com.br\/wp-content\/uploads\/2023\/04\/cropped-Logo-editora-simples.jpg\",\"width\":582,\"height\":450,\"caption\":\"Editora do Portal\"},\"image\":{\"@id\":\"https:\/\/editora.historiadapsicologia.com.br\/#\/schema\/logo\/image\/\"},\"sameAs\":[\"https:\/\/www.facebook.com\/HistoriaDaPsicologiaBrasil\/\",\"https:\/\/x.com\/Hist_Psicologia\",\"https:\/\/www.instagram.com\/historiadapsicologia\"]}]}<\/script>\n<!-- \/ Yoast SEO plugin. -->","yoast_head_json":{"title":"WikiHP - Editora do Portal","robots":{"index":"index","follow":"follow","max-snippet":"max-snippet:-1","max-image-preview":"max-image-preview:large","max-video-preview":"max-video-preview:-1"},"canonical":"https:\/\/editora.historiadapsicologia.com.br\/index.php\/wikihp\/","og_locale":"pt_BR","og_type":"article","og_title":"WikiHP - Editora do Portal","og_description":"WikiHP \u2013 Pol\u00edticas, defini\u00e7\u00f5es, orienta\u00e7\u00f5es e estilo Andr\u00e9 Elias Morelli Ribeiro \u00a0 ISBN: 978-65-997325-0-8 \u00a0 Link DOI Link Google Drive Como citar: \u00a0 ABNTRIBEIRO, Andr\u00e9 Elias Morelli.\u00a0WikiHP: pol\u00edticas, defini\u00e7\u00f5es, orienta\u00e7\u00f5es e estilo. Rio das Ostras, RJ: Editora do Portal Hist\u00f3ria da Psicologia, 2022. Dispon\u00edvel em: https:\/\/doi.org\/10.5281\/zenodo.6337937. Acesso em: \u00a0 APA Ribeiro, A. E. M. (2022).\u00a0WikiHP:&hellip; Continuar lendo WikiHP","og_url":"https:\/\/editora.historiadapsicologia.com.br\/index.php\/wikihp\/","og_site_name":"Editora do Portal","article_publisher":"https:\/\/www.facebook.com\/HistoriaDaPsicologiaBrasil\/","article_modified_time":"2024-01-06T20:19:27+00:00","og_image":[{"width":1410,"height":2000,"url":"https:\/\/editora.historiadapsicologia.com.br\/wp-content\/uploads\/2023\/04\/Capa-Livro-WikiHP-A5.png","type":"image\/png"}],"twitter_card":"summary_large_image","twitter_site":"@Hist_Psicologia","schema":{"@context":"https:\/\/schema.org","@graph":[{"@type":"WebPage","@id":"https:\/\/editora.historiadapsicologia.com.br\/index.php\/wikihp\/","url":"https:\/\/editora.historiadapsicologia.com.br\/index.php\/wikihp\/","name":"WikiHP - Editora do Portal","isPartOf":{"@id":"https:\/\/editora.historiadapsicologia.com.br\/#website"},"primaryImageOfPage":{"@id":"https:\/\/editora.historiadapsicologia.com.br\/index.php\/wikihp\/#primaryimage"},"image":{"@id":"https:\/\/editora.historiadapsicologia.com.br\/index.php\/wikihp\/#primaryimage"},"thumbnailUrl":"https:\/\/editora.historiadapsicologia.com.br\/wp-content\/uploads\/2023\/04\/Capa-Livro-WikiHP-A5-722x1024.png","datePublished":"2023-04-14T18:26:55+00:00","dateModified":"2024-01-06T20:19:27+00:00","breadcrumb":{"@id":"https:\/\/editora.historiadapsicologia.com.br\/index.php\/wikihp\/#breadcrumb"},"inLanguage":"pt-BR","potentialAction":[{"@type":"ReadAction","target":["https:\/\/editora.historiadapsicologia.com.br\/index.php\/wikihp\/"]}]},{"@type":"ImageObject","inLanguage":"pt-BR","@id":"https:\/\/editora.historiadapsicologia.com.br\/index.php\/wikihp\/#primaryimage","url":"https:\/\/editora.historiadapsicologia.com.br\/wp-content\/uploads\/2023\/04\/Capa-Livro-WikiHP-A5.png","contentUrl":"https:\/\/editora.historiadapsicologia.com.br\/wp-content\/uploads\/2023\/04\/Capa-Livro-WikiHP-A5.png","width":1410,"height":2000,"caption":"WikiHP: pol\u00edticas, defini\u00e7\u00f5es, orienta\u00e7\u00f5es e estilo"},{"@type":"BreadcrumbList","@id":"https:\/\/editora.historiadapsicologia.com.br\/index.php\/wikihp\/#breadcrumb","itemListElement":[{"@type":"ListItem","position":1,"name":"In\u00edcio","item":"https:\/\/editora.historiadapsicologia.com.br\/"},{"@type":"ListItem","position":2,"name":"WikiHP"}]},{"@type":"WebSite","@id":"https:\/\/editora.historiadapsicologia.com.br\/#website","url":"https:\/\/editora.historiadapsicologia.com.br\/","name":"Editora do Portal","description":"Editora vinculada ao Portal Hist\u00f3ria da Psicologia","publisher":{"@id":"https:\/\/editora.historiadapsicologia.com.br\/#organization"},"potentialAction":[{"@type":"SearchAction","target":{"@type":"EntryPoint","urlTemplate":"https:\/\/editora.historiadapsicologia.com.br\/?s={search_term_string}"},"query-input":{"@type":"PropertyValueSpecification","valueRequired":true,"valueName":"search_term_string"}}],"inLanguage":"pt-BR"},{"@type":"Organization","@id":"https:\/\/editora.historiadapsicologia.com.br\/#organization","name":"Editora do Portal","url":"https:\/\/editora.historiadapsicologia.com.br\/","logo":{"@type":"ImageObject","inLanguage":"pt-BR","@id":"https:\/\/editora.historiadapsicologia.com.br\/#\/schema\/logo\/image\/","url":"https:\/\/editora.historiadapsicologia.com.br\/wp-content\/uploads\/2023\/04\/cropped-Logo-editora-simples.jpg","contentUrl":"https:\/\/editora.historiadapsicologia.com.br\/wp-content\/uploads\/2023\/04\/cropped-Logo-editora-simples.jpg","width":582,"height":450,"caption":"Editora do Portal"},"image":{"@id":"https:\/\/editora.historiadapsicologia.com.br\/#\/schema\/logo\/image\/"},"sameAs":["https:\/\/www.facebook.com\/HistoriaDaPsicologiaBrasil\/","https:\/\/x.com\/Hist_Psicologia","https:\/\/www.instagram.com\/historiadapsicologia"]}]}},"_links":{"self":[{"href":"https:\/\/editora.historiadapsicologia.com.br\/index.php\/wp-json\/wp\/v2\/pages\/367","targetHints":{"allow":["GET"]}}],"collection":[{"href":"https:\/\/editora.historiadapsicologia.com.br\/index.php\/wp-json\/wp\/v2\/pages"}],"about":[{"href":"https:\/\/editora.historiadapsicologia.com.br\/index.php\/wp-json\/wp\/v2\/types\/page"}],"author":[{"embeddable":true,"href":"https:\/\/editora.historiadapsicologia.com.br\/index.php\/wp-json\/wp\/v2\/users\/1"}],"replies":[{"embeddable":true,"href":"https:\/\/editora.historiadapsicologia.com.br\/index.php\/wp-json\/wp\/v2\/comments?post=367"}],"version-history":[{"count":7,"href":"https:\/\/editora.historiadapsicologia.com.br\/index.php\/wp-json\/wp\/v2\/pages\/367\/revisions"}],"predecessor-version":[{"id":501,"href":"https:\/\/editora.historiadapsicologia.com.br\/index.php\/wp-json\/wp\/v2\/pages\/367\/revisions\/501"}],"wp:attachment":[{"href":"https:\/\/editora.historiadapsicologia.com.br\/index.php\/wp-json\/wp\/v2\/media?parent=367"}],"curies":[{"name":"wp","href":"https:\/\/api.w.org\/{rel}","templated":true}]}}