{"id":183,"date":"2023-04-08T16:33:46","date_gmt":"2023-04-08T19:33:46","guid":{"rendered":"https:\/\/editora.historiadapsicologia.com.br\/?page_id=183"},"modified":"2026-01-20T06:17:47","modified_gmt":"2026-01-20T09:17:47","slug":"como-publicar","status":"publish","type":"page","link":"https:\/\/editora.historiadapsicologia.com.br\/index.php\/como-publicar\/","title":{"rendered":"Como publicar"},"content":{"rendered":"\t\t<div data-elementor-type=\"wp-page\" data-elementor-id=\"183\" class=\"elementor elementor-183\">\n\t\t\t\t\t\t<section class=\"elementor-section elementor-top-section elementor-element elementor-element-645b37a elementor-section-stretched elementor-section-boxed elementor-section-height-default elementor-section-height-default\" data-id=\"645b37a\" data-element_type=\"section\" data-e-type=\"section\" data-settings=\"{&quot;stretch_section&quot;:&quot;section-stretched&quot;}\">\n\t\t\t\t\t\t<div class=\"elementor-container elementor-column-gap-default\">\n\t\t\t\t\t<div class=\"elementor-column elementor-col-100 elementor-top-column elementor-element elementor-element-0cae76b\" data-id=\"0cae76b\" data-element_type=\"column\" data-e-type=\"column\">\n\t\t\t<div class=\"elementor-widget-wrap elementor-element-populated\">\n\t\t\t\t\t\t<div class=\"elementor-element elementor-element-4b6a744 elementor-widget elementor-widget-text-editor\" data-id=\"4b6a744\" data-element_type=\"widget\" data-e-type=\"widget\" data-widget_type=\"text-editor.default\">\n\t\t\t\t<div class=\"elementor-widget-container\">\n\t\t\t\t\t\t\t\t\t<h3 id=\"todas-as-publicacoes-da-editora-do-portal-sao-relacionadas-a-historia-filosofia-ou-epistemologia-da-psicologia-existem-duas-formas-de-publicar-materiais-pela-editora-do-portal-historia-da-psicologia\" class=\"alignwide has-link-color wp-block-heading wp-elements-27037aedd564c9787d9467594e5203c9\">Todas as publica\u00e7\u00f5es da Editora do Portal s\u00e3o relacionadas \u00e0 hist\u00f3ria, filosofia ou epistemologia da psicologia<\/h3><h3>\u00a0<\/h3><h3>As propostas de publica\u00e7\u00e3o devem ser enviadas para editora@historiadapsicologia.com.br<\/h3><h3>\u00a0<\/h3><h3 class=\"alignwide has-link-color wp-block-heading wp-elements-27037aedd564c9787d9467594e5203c9\">Existem duas formas de publicar materiais pela Editora do Portal Hist\u00f3ria da Psicologia.<\/h3>\t\t\t\t\t\t\t\t<\/div>\n\t\t\t\t<\/div>\n\t\t\t\t\t<\/div>\n\t\t<\/div>\n\t\t\t\t\t<\/div>\n\t\t<\/section>\n\t\t\t\t<section class=\"elementor-section elementor-top-section elementor-element elementor-element-2d583c1 elementor-section-boxed elementor-section-height-default elementor-section-height-default\" data-id=\"2d583c1\" data-element_type=\"section\" data-e-type=\"section\">\n\t\t\t\t\t\t<div class=\"elementor-container elementor-column-gap-default\">\n\t\t\t\t\t<div class=\"elementor-column elementor-col-100 elementor-top-column elementor-element elementor-element-0c9af51\" data-id=\"0c9af51\" data-element_type=\"column\" data-e-type=\"column\">\n\t\t\t<div class=\"elementor-widget-wrap elementor-element-populated\">\n\t\t\t\t\t\t<div class=\"elementor-element elementor-element-3ce3f13 elementor-widget-divider--view-line elementor-widget elementor-widget-divider\" data-id=\"3ce3f13\" data-element_type=\"widget\" data-e-type=\"widget\" data-widget_type=\"divider.default\">\n\t\t\t\t<div class=\"elementor-widget-container\">\n\t\t\t\t\t\t\t<div class=\"elementor-divider\">\n\t\t\t<span class=\"elementor-divider-separator\">\n\t\t\t\t\t\t<\/span>\n\t\t<\/div>\n\t\t\t\t\t\t<\/div>\n\t\t\t\t<\/div>\n\t\t\t\t\t<\/div>\n\t\t<\/div>\n\t\t\t\t\t<\/div>\n\t\t<\/section>\n\t\t\t\t<section class=\"elementor-section elementor-top-section elementor-element elementor-element-cee9371 elementor-section-full_width elementor-section-stretched elementor-section-height-default elementor-section-height-default\" data-id=\"cee9371\" data-element_type=\"section\" data-e-type=\"section\" data-settings=\"{&quot;stretch_section&quot;:&quot;section-stretched&quot;}\">\n\t\t\t\t\t\t<div class=\"elementor-container elementor-column-gap-default\">\n\t\t\t\t\t<div class=\"elementor-column elementor-col-50 elementor-top-column elementor-element elementor-element-1705656\" data-id=\"1705656\" data-element_type=\"column\" data-e-type=\"column\">\n\t\t\t<div class=\"elementor-widget-wrap elementor-element-populated\">\n\t\t\t\t\t\t<div class=\"elementor-element elementor-element-6b33ad7 elementor-widget__width-initial elementor-widget elementor-widget-text-editor\" data-id=\"6b33ad7\" data-element_type=\"widget\" data-e-type=\"widget\" data-widget_type=\"text-editor.default\">\n\t\t\t\t<div class=\"elementor-widget-container\">\n\t\t\t\t\t\t\t\t\t<h2>Boletim do Portal<\/h2><p id=\"publicacao-regular-do-portal-o-boletim-e-uma-coletanea-de-materiais-organizada-por-um-grupo-de-organizadores-e-que-conta-com-as-seguintes-contribuicoes-verbetes-com-reconhecimento-de-autoria-publicados-na-wikihp-selecionados-traducoes-de-textos-classicos-traducoes-autorizadas\" class=\"has-medium-font-size wp-block-heading\">Publica\u00e7\u00e3o regular do Portal, o Boletim \u00e9 uma colet\u00e2nea de materiais organizada por um grupo de organizadores e que conta com as seguintes contribui\u00e7\u00f5es: verbetes com reconhecimento de autoria publicados na WikiHP selecionados, tradu\u00e7\u00f5es de textos cl\u00e1ssicos, tradu\u00e7\u00f5es autorizadas.<\/p><p>Para esta modalidade de publica\u00e7\u00e3o, procure a aba &#8220;Boletim&#8221;, no menu acima<\/p>\t\t\t\t\t\t\t\t<\/div>\n\t\t\t\t<\/div>\n\t\t\t\t\t<\/div>\n\t\t<\/div>\n\t\t\t\t<div class=\"elementor-column elementor-col-50 elementor-top-column elementor-element elementor-element-9f8750e\" data-id=\"9f8750e\" data-element_type=\"column\" data-e-type=\"column\">\n\t\t\t<div class=\"elementor-widget-wrap elementor-element-populated\">\n\t\t\t\t\t\t<div class=\"elementor-element elementor-element-42c9e83 elementor-widget__width-initial elementor-widget elementor-widget-text-editor\" data-id=\"42c9e83\" data-element_type=\"widget\" data-e-type=\"widget\" data-widget_type=\"text-editor.default\">\n\t\t\t\t<div class=\"elementor-widget-container\">\n\t\t\t\t\t\t\t\t\t<h2>Livros<\/h2><p id=\"projetos-de-publicacao-autorais-coletaneas-ou-traducoes-nos-seguintes-assuntos-historia-filosofia-ou-epistemologia-da-psicologia-cada-projeto-de-publicacao-recebido-precisa-ser-analisado-pelo-editor-e-pelo-conselho-editorial-para-avaliacao-da-pertinencia-formato-projeto-e-custos-da-publicacao-de-modo-que-e-necessario-uma-analise-a-ser-feita-caso-a-caso\" class=\"has-medium-font-size wp-block-heading\">Projetos de publica\u00e7\u00e3o autorais, colet\u00e2neas ou tradu\u00e7\u00f5es nos seguintes assuntos: hist\u00f3ria, filosofia ou epistemologia da psicologia. Cada projeto de publica\u00e7\u00e3o recebido precisa ser analisado pelo editor e pelo conselho editorial para avalia\u00e7\u00e3o da pertin\u00eancia, formato, projeto e custos da publica\u00e7\u00e3o, de modo que \u00e9 necess\u00e1rio uma an\u00e1lise a ser feita caso a caso.<\/p>\t\t\t\t\t\t\t\t<\/div>\n\t\t\t\t<\/div>\n\t\t\t\t\t<\/div>\n\t\t<\/div>\n\t\t\t\t\t<\/div>\n\t\t<\/section>\n\t\t\t\t<section class=\"elementor-section elementor-top-section elementor-element elementor-element-5347c7f elementor-section-boxed elementor-section-height-default elementor-section-height-default\" data-id=\"5347c7f\" data-element_type=\"section\" data-e-type=\"section\">\n\t\t\t\t\t\t<div class=\"elementor-container elementor-column-gap-default\">\n\t\t\t\t\t<div class=\"elementor-column elementor-col-100 elementor-top-column elementor-element elementor-element-d50a702\" data-id=\"d50a702\" data-element_type=\"column\" data-e-type=\"column\">\n\t\t\t<div class=\"elementor-widget-wrap elementor-element-populated\">\n\t\t\t\t\t\t<div class=\"elementor-element elementor-element-1722c4b elementor-widget-divider--view-line elementor-widget elementor-widget-divider\" data-id=\"1722c4b\" data-element_type=\"widget\" data-e-type=\"widget\" data-widget_type=\"divider.default\">\n\t\t\t\t<div class=\"elementor-widget-container\">\n\t\t\t\t\t\t\t<div class=\"elementor-divider\">\n\t\t\t<span class=\"elementor-divider-separator\">\n\t\t\t\t\t\t<\/span>\n\t\t<\/div>\n\t\t\t\t\t\t<\/div>\n\t\t\t\t<\/div>\n\t\t\t\t\t<\/div>\n\t\t<\/div>\n\t\t\t\t\t<\/div>\n\t\t<\/section>\n\t\t\t\t<section class=\"elementor-section elementor-top-section elementor-element elementor-element-ed11886 elementor-section-boxed elementor-section-height-default elementor-section-height-default\" data-id=\"ed11886\" data-element_type=\"section\" data-e-type=\"section\">\n\t\t\t\t\t\t<div class=\"elementor-container elementor-column-gap-default\">\n\t\t\t\t\t<div class=\"elementor-column elementor-col-100 elementor-top-column elementor-element elementor-element-0cb88ab\" data-id=\"0cb88ab\" data-element_type=\"column\" data-e-type=\"column\">\n\t\t\t<div class=\"elementor-widget-wrap elementor-element-populated\">\n\t\t\t\t\t\t<div class=\"elementor-element elementor-element-301b7b6 elementor-widget elementor-widget-heading\" data-id=\"301b7b6\" data-element_type=\"widget\" data-e-type=\"widget\" data-widget_type=\"heading.default\">\n\t\t\t\t<div class=\"elementor-widget-container\">\n\t\t\t\t\t<h2 class=\"elementor-heading-title elementor-size-default\">Tipos de propostas<\/h2>\t\t\t\t<\/div>\n\t\t\t\t<\/div>\n\t\t\t\t\t<\/div>\n\t\t<\/div>\n\t\t\t\t\t<\/div>\n\t\t<\/section>\n\t\t\t\t<section class=\"elementor-section elementor-top-section elementor-element elementor-element-d75bb4b elementor-section-full_width elementor-section-stretched elementor-section-height-default elementor-section-height-default\" data-id=\"d75bb4b\" data-element_type=\"section\" data-e-type=\"section\" data-settings=\"{&quot;stretch_section&quot;:&quot;section-stretched&quot;}\">\n\t\t\t\t\t\t<div class=\"elementor-container elementor-column-gap-default\">\n\t\t\t\t\t<div class=\"elementor-column elementor-col-50 elementor-top-column elementor-element elementor-element-e408004\" data-id=\"e408004\" data-element_type=\"column\" data-e-type=\"column\">\n\t\t\t<div class=\"elementor-widget-wrap elementor-element-populated\">\n\t\t\t\t\t\t<div class=\"elementor-element elementor-element-80a16c2 elementor-widget__width-initial elementor-widget elementor-widget-text-editor\" data-id=\"80a16c2\" data-element_type=\"widget\" data-e-type=\"widget\" data-widget_type=\"text-editor.default\">\n\t\t\t\t<div class=\"elementor-widget-container\">\n\t\t\t\t\t\t\t\t\t<h2><strong>B\u00e1sico<\/strong><\/h2><p id=\"projetos-nesta-configuracao-serao-publicados-com-a-capa-padronizada-da-editora-e-layout-padronizado-o-proponente-recebera-as-instrucoes-de-preparacao-do-manuscrito-para-adequa-lo-ao-layout-basico-da-editora-os-livros-ficam-publicados-apenas-no-formato-digital-e-recebem-ficha-catalografica-issn-doi-e-nao-poderao-ser-vendidos-ficando-disponiveis-gratuitamente-no-site-do-portal-em-area-dedicada-aos-livros-publicados-instrucoes-adicionais-serao-enviadas-aos-proponentes-conforme-cada-caso-o-custo-deste-tipo-de-publicacao-e-de-r-200-00\" class=\"has-medium-font-size wp-block-heading\">Projetos nesta configura\u00e7\u00e3o ser\u00e3o publicados com a capa padronizada da editora e layout padronizado. O proponente receber\u00e1 as instru\u00e7\u00f5es de prepara\u00e7\u00e3o do manuscrito para adequ\u00e1-lo ao layout b\u00e1sico da editora. Os livros ficam publicados apenas no formato digital e recebem ficha catalogr\u00e1fica, ISSN, DOI e n\u00e3o poder\u00e3o ser vendidos, ficando dispon\u00edveis gratuitamente no site do Portal, em \u00e1rea dedicada aos livros publicados. Instru\u00e7\u00f5es adicionais ser\u00e3o enviadas aos proponentes, conforme cada caso. O custo deste tipo de publica\u00e7\u00e3o \u00e9 de R$200,00.<\/p>\t\t\t\t\t\t\t\t<\/div>\n\t\t\t\t<\/div>\n\t\t\t\t\t<\/div>\n\t\t<\/div>\n\t\t\t\t<div class=\"elementor-column elementor-col-50 elementor-top-column elementor-element elementor-element-f36f80f\" data-id=\"f36f80f\" data-element_type=\"column\" data-e-type=\"column\">\n\t\t\t<div class=\"elementor-widget-wrap elementor-element-populated\">\n\t\t\t\t\t\t<div class=\"elementor-element elementor-element-cd9cfb8 elementor-widget__width-initial elementor-widget elementor-widget-text-editor\" data-id=\"cd9cfb8\" data-element_type=\"widget\" data-e-type=\"widget\" data-widget_type=\"text-editor.default\">\n\t\t\t\t<div class=\"elementor-widget-container\">\n\t\t\t\t\t\t\t\t\t<h2><strong>Completa<\/strong><\/h2><p id=\"projetos-nesta-configuracao-serao-publicados-com-uma-capa-criada-por-capista-profissional-e-layout-produzido-profissionalmente-avaliado-conforme-cada-projeto-o-proponente-recebera-as-instrucoes-de-preparacao-do-manuscrito-os-livros-devem-ser-obrigatoriamente-publicados-no-formato-digital-e-neste-formato-devem-ser-disponibilizados-gratuitamente-no-site-do-portal-em-area-dedicada-aos-livros-publicados-caso-desejem-os-autores-podem-publicar-o-livro-tambem-no-formato-impresso-e-neste-caso-podem-definir-livremente-o-preco-e-o-modo-de-venda-a-editora-tem-um-catalogo-de-sugestoes-e-solucoes-para-publicacoes-impressas-a-editora-recebera-10-do-valor-de-capa-dos-livros-vendidos-de-forma-impressa-os-livros-recebem-ficha-catalografica-issn-e-doi-que-sao-diferentes-para-o-formato-digital-e-impresso-instrucoes-adicionais-serao-enviadas-aos-proponentes-conforme-cada-caso-os-custos-deste-tipo-de-publicacao-variam-conforme-a-complexidade-do-projeto-e-devem-ser-avaliados-pelo-editor-e-pelo-conselho-editorial-a-partir-da-nossa-tabela-de-precos-nao-serao-aceitas-capas-e-nenhum-trabalho-de-editoracao-feito-fora-da-editora-do-portal-de-modo-que-o-proponente-do-projeto-deve-contratar-a-editora-do-portal-historia-da-psicologia-por-meio-de-sua-produtora-associada-azdz-para-a-execucao-de-todos-os-servicos-envolvendo-a-producao-do-livro\" class=\"has-link-color has-medium-font-size wp-block-heading wp-elements-633440662f3f58c9b587753c753dc30b\">Projetos nesta configura\u00e7\u00e3o ser\u00e3o publicados com uma capa criada por capista profissional e layout produzido profissionalmente, avaliado conforme cada projeto.<\/p><p class=\"has-link-color has-medium-font-size wp-block-heading wp-elements-633440662f3f58c9b587753c753dc30b\">O proponente receber\u00e1 as instru\u00e7\u00f5es de prepara\u00e7\u00e3o do manuscrito.<\/p><p class=\"has-link-color has-medium-font-size wp-block-heading wp-elements-633440662f3f58c9b587753c753dc30b\">Os livros devem ser obrigatoriamente publicados no formato digital e, neste formato, devem ser disponibilizados gratuitamente no site do Portal, em \u00e1rea dedicada aos livros publicados.<\/p><p class=\"has-link-color has-medium-font-size wp-block-heading wp-elements-633440662f3f58c9b587753c753dc30b\">Caso desejem, os autores podem publicar o livro tamb\u00e9m no formato impresso e, neste caso, podem definir livremente o pre\u00e7o e o modo de venda (a editora tem um cat\u00e1logo de sugest\u00f5es e solu\u00e7\u00f5es para publica\u00e7\u00f5es impressas).<\/p><p class=\"has-link-color has-medium-font-size wp-block-heading wp-elements-633440662f3f58c9b587753c753dc30b\">A editora receber\u00e1 10% do valor de capa dos livros vendidos de forma impressa.<\/p><p class=\"has-link-color has-medium-font-size wp-block-heading wp-elements-633440662f3f58c9b587753c753dc30b\">Os livros recebem ficha catalogr\u00e1fica, ISBN e DOI, que s\u00e3o diferentes para o formato digital e impresso.<\/p><p class=\"has-link-color has-medium-font-size wp-block-heading wp-elements-633440662f3f58c9b587753c753dc30b\">Instru\u00e7\u00f5es adicionais ser\u00e3o enviadas aos proponentes, conforme cada caso.<\/p><p class=\"has-link-color has-medium-font-size wp-block-heading wp-elements-633440662f3f58c9b587753c753dc30b\">Os custos deste tipo de publica\u00e7\u00e3o variam conforme a complexidade do projeto e devem ser avaliados pelo editor e pelo conselho editorial a partir da nossa <span style=\"text-decoration: underline;\"><a href=\"https:\/\/drive.google.com\/file\/d\/1fd1Egma2d2gfaZO2w7_KzUBX2dt5nZ1E\/view?usp=sharing\" target=\"_blank\" rel=\"noopener\">tabela de pre\u00e7os<\/a><\/span>. N\u00e3o ser\u00e3o aceitas capas e nenhum trabalho de editora\u00e7\u00e3o feito fora da Editora do Portal, de modo que o proponente do projeto deve contratar a Editora do Portal Hist\u00f3ria da Psicologia, por meio de sua produtora associada <span style=\"text-decoration: underline;\"><a href=\"https:\/\/azdz.com.br\/\" target=\"_blank\" rel=\"noopener\">AZDZ<\/a><\/span>, para a execu\u00e7\u00e3o de todos os servi\u00e7os envolvendo a produ\u00e7\u00e3o do livro.<\/p>\t\t\t\t\t\t\t\t<\/div>\n\t\t\t\t<\/div>\n\t\t\t\t\t<\/div>\n\t\t<\/div>\n\t\t\t\t\t<\/div>\n\t\t<\/section>\n\t\t\t\t<\/div>\n\t\t","protected":false},"excerpt":{"rendered":"<p>Todas as publica\u00e7\u00f5es da Editora do Portal s\u00e3o relacionadas \u00e0 hist\u00f3ria, filosofia ou epistemologia da psicologia \u00a0 As propostas de publica\u00e7\u00e3o devem ser enviadas para editora@historiadapsicologia.com.br \u00a0 Existem duas formas de publicar materiais pela Editora do Portal Hist\u00f3ria da Psicologia. Boletim do Portal Publica\u00e7\u00e3o regular do Portal, o Boletim \u00e9 uma colet\u00e2nea de materiais organizada&hellip; <a class=\"more-link\" href=\"https:\/\/editora.historiadapsicologia.com.br\/index.php\/como-publicar\/\">Continuar lendo <span class=\"screen-reader-text\">Como publicar<\/span><\/a><\/p>\n","protected":false},"author":1,"featured_media":0,"parent":0,"menu_order":0,"comment_status":"closed","ping_status":"closed","template":"","meta":{"_monsterinsights_skip_tracking":false,"_monsterinsights_sitenote_active":false,"_monsterinsights_sitenote_note":"","_monsterinsights_sitenote_category":0,"footnotes":""},"class_list":["post-183","page","type-page","status-publish","hentry","entry"],"yoast_head":"<!-- This site is optimized with the Yoast SEO plugin v27.2 - https:\/\/yoast.com\/product\/yoast-seo-wordpress\/ -->\n<title>Como publicar - Editora do Portal<\/title>\n<meta name=\"robots\" content=\"index, follow, max-snippet:-1, max-image-preview:large, max-video-preview:-1\" \/>\n<link rel=\"canonical\" href=\"https:\/\/editora.historiadapsicologia.com.br\/index.php\/como-publicar\/\" \/>\n<meta property=\"og:locale\" content=\"pt_BR\" \/>\n<meta property=\"og:type\" content=\"article\" \/>\n<meta property=\"og:title\" content=\"Como publicar - Editora do Portal\" \/>\n<meta property=\"og:description\" content=\"Todas as publica\u00e7\u00f5es da Editora do Portal s\u00e3o relacionadas \u00e0 hist\u00f3ria, filosofia ou epistemologia da psicologia \u00a0 As propostas de publica\u00e7\u00e3o devem ser enviadas para editora@historiadapsicologia.com.br \u00a0 Existem duas formas de publicar materiais pela Editora do Portal Hist\u00f3ria da Psicologia. Boletim do Portal Publica\u00e7\u00e3o regular do Portal, o Boletim \u00e9 uma colet\u00e2nea de materiais organizada&hellip; Continuar lendo Como publicar\" \/>\n<meta property=\"og:url\" content=\"https:\/\/editora.historiadapsicologia.com.br\/index.php\/como-publicar\/\" \/>\n<meta property=\"og:site_name\" content=\"Editora do Portal\" \/>\n<meta property=\"article:publisher\" content=\"https:\/\/www.facebook.com\/HistoriaDaPsicologiaBrasil\/\" \/>\n<meta property=\"article:modified_time\" content=\"2026-01-20T09:17:47+00:00\" \/>\n<meta name=\"twitter:card\" content=\"summary_large_image\" \/>\n<meta name=\"twitter:site\" content=\"@Hist_Psicologia\" \/>\n<meta name=\"twitter:label1\" content=\"Est. tempo de leitura\" \/>\n\t<meta name=\"twitter:data1\" content=\"2 minutos\" \/>\n<script type=\"application\/ld+json\" class=\"yoast-schema-graph\">{\"@context\":\"https:\/\/schema.org\",\"@graph\":[{\"@type\":\"WebPage\",\"@id\":\"https:\/\/editora.historiadapsicologia.com.br\/index.php\/como-publicar\/\",\"url\":\"https:\/\/editora.historiadapsicologia.com.br\/index.php\/como-publicar\/\",\"name\":\"Como publicar - Editora do Portal\",\"isPartOf\":{\"@id\":\"https:\/\/editora.historiadapsicologia.com.br\/#website\"},\"datePublished\":\"2023-04-08T19:33:46+00:00\",\"dateModified\":\"2026-01-20T09:17:47+00:00\",\"breadcrumb\":{\"@id\":\"https:\/\/editora.historiadapsicologia.com.br\/index.php\/como-publicar\/#breadcrumb\"},\"inLanguage\":\"pt-BR\",\"potentialAction\":[{\"@type\":\"ReadAction\",\"target\":[\"https:\/\/editora.historiadapsicologia.com.br\/index.php\/como-publicar\/\"]}]},{\"@type\":\"BreadcrumbList\",\"@id\":\"https:\/\/editora.historiadapsicologia.com.br\/index.php\/como-publicar\/#breadcrumb\",\"itemListElement\":[{\"@type\":\"ListItem\",\"position\":1,\"name\":\"In\u00edcio\",\"item\":\"https:\/\/editora.historiadapsicologia.com.br\/\"},{\"@type\":\"ListItem\",\"position\":2,\"name\":\"Como publicar\"}]},{\"@type\":\"WebSite\",\"@id\":\"https:\/\/editora.historiadapsicologia.com.br\/#website\",\"url\":\"https:\/\/editora.historiadapsicologia.com.br\/\",\"name\":\"Editora do Portal\",\"description\":\"Editora vinculada ao Portal Hist\u00f3ria da Psicologia\",\"publisher\":{\"@id\":\"https:\/\/editora.historiadapsicologia.com.br\/#organization\"},\"potentialAction\":[{\"@type\":\"SearchAction\",\"target\":{\"@type\":\"EntryPoint\",\"urlTemplate\":\"https:\/\/editora.historiadapsicologia.com.br\/?s={search_term_string}\"},\"query-input\":{\"@type\":\"PropertyValueSpecification\",\"valueRequired\":true,\"valueName\":\"search_term_string\"}}],\"inLanguage\":\"pt-BR\"},{\"@type\":\"Organization\",\"@id\":\"https:\/\/editora.historiadapsicologia.com.br\/#organization\",\"name\":\"Editora do Portal\",\"url\":\"https:\/\/editora.historiadapsicologia.com.br\/\",\"logo\":{\"@type\":\"ImageObject\",\"inLanguage\":\"pt-BR\",\"@id\":\"https:\/\/editora.historiadapsicologia.com.br\/#\/schema\/logo\/image\/\",\"url\":\"https:\/\/editora.historiadapsicologia.com.br\/wp-content\/uploads\/2023\/04\/cropped-Logo-editora-simples.jpg\",\"contentUrl\":\"https:\/\/editora.historiadapsicologia.com.br\/wp-content\/uploads\/2023\/04\/cropped-Logo-editora-simples.jpg\",\"width\":582,\"height\":450,\"caption\":\"Editora do Portal\"},\"image\":{\"@id\":\"https:\/\/editora.historiadapsicologia.com.br\/#\/schema\/logo\/image\/\"},\"sameAs\":[\"https:\/\/www.facebook.com\/HistoriaDaPsicologiaBrasil\/\",\"https:\/\/x.com\/Hist_Psicologia\",\"https:\/\/www.instagram.com\/historiadapsicologia\"]}]}<\/script>\n<!-- \/ Yoast SEO plugin. -->","yoast_head_json":{"title":"Como publicar - Editora do Portal","robots":{"index":"index","follow":"follow","max-snippet":"max-snippet:-1","max-image-preview":"max-image-preview:large","max-video-preview":"max-video-preview:-1"},"canonical":"https:\/\/editora.historiadapsicologia.com.br\/index.php\/como-publicar\/","og_locale":"pt_BR","og_type":"article","og_title":"Como publicar - Editora do Portal","og_description":"Todas as publica\u00e7\u00f5es da Editora do Portal s\u00e3o relacionadas \u00e0 hist\u00f3ria, filosofia ou epistemologia da psicologia \u00a0 As propostas de publica\u00e7\u00e3o devem ser enviadas para editora@historiadapsicologia.com.br \u00a0 Existem duas formas de publicar materiais pela Editora do Portal Hist\u00f3ria da Psicologia. Boletim do Portal Publica\u00e7\u00e3o regular do Portal, o Boletim \u00e9 uma colet\u00e2nea de materiais organizada&hellip; Continuar lendo Como publicar","og_url":"https:\/\/editora.historiadapsicologia.com.br\/index.php\/como-publicar\/","og_site_name":"Editora do Portal","article_publisher":"https:\/\/www.facebook.com\/HistoriaDaPsicologiaBrasil\/","article_modified_time":"2026-01-20T09:17:47+00:00","twitter_card":"summary_large_image","twitter_site":"@Hist_Psicologia","twitter_misc":{"Est. tempo de leitura":"2 minutos"},"schema":{"@context":"https:\/\/schema.org","@graph":[{"@type":"WebPage","@id":"https:\/\/editora.historiadapsicologia.com.br\/index.php\/como-publicar\/","url":"https:\/\/editora.historiadapsicologia.com.br\/index.php\/como-publicar\/","name":"Como publicar - Editora do Portal","isPartOf":{"@id":"https:\/\/editora.historiadapsicologia.com.br\/#website"},"datePublished":"2023-04-08T19:33:46+00:00","dateModified":"2026-01-20T09:17:47+00:00","breadcrumb":{"@id":"https:\/\/editora.historiadapsicologia.com.br\/index.php\/como-publicar\/#breadcrumb"},"inLanguage":"pt-BR","potentialAction":[{"@type":"ReadAction","target":["https:\/\/editora.historiadapsicologia.com.br\/index.php\/como-publicar\/"]}]},{"@type":"BreadcrumbList","@id":"https:\/\/editora.historiadapsicologia.com.br\/index.php\/como-publicar\/#breadcrumb","itemListElement":[{"@type":"ListItem","position":1,"name":"In\u00edcio","item":"https:\/\/editora.historiadapsicologia.com.br\/"},{"@type":"ListItem","position":2,"name":"Como publicar"}]},{"@type":"WebSite","@id":"https:\/\/editora.historiadapsicologia.com.br\/#website","url":"https:\/\/editora.historiadapsicologia.com.br\/","name":"Editora do Portal","description":"Editora vinculada ao Portal Hist\u00f3ria da Psicologia","publisher":{"@id":"https:\/\/editora.historiadapsicologia.com.br\/#organization"},"potentialAction":[{"@type":"SearchAction","target":{"@type":"EntryPoint","urlTemplate":"https:\/\/editora.historiadapsicologia.com.br\/?s={search_term_string}"},"query-input":{"@type":"PropertyValueSpecification","valueRequired":true,"valueName":"search_term_string"}}],"inLanguage":"pt-BR"},{"@type":"Organization","@id":"https:\/\/editora.historiadapsicologia.com.br\/#organization","name":"Editora do Portal","url":"https:\/\/editora.historiadapsicologia.com.br\/","logo":{"@type":"ImageObject","inLanguage":"pt-BR","@id":"https:\/\/editora.historiadapsicologia.com.br\/#\/schema\/logo\/image\/","url":"https:\/\/editora.historiadapsicologia.com.br\/wp-content\/uploads\/2023\/04\/cropped-Logo-editora-simples.jpg","contentUrl":"https:\/\/editora.historiadapsicologia.com.br\/wp-content\/uploads\/2023\/04\/cropped-Logo-editora-simples.jpg","width":582,"height":450,"caption":"Editora do Portal"},"image":{"@id":"https:\/\/editora.historiadapsicologia.com.br\/#\/schema\/logo\/image\/"},"sameAs":["https:\/\/www.facebook.com\/HistoriaDaPsicologiaBrasil\/","https:\/\/x.com\/Hist_Psicologia","https:\/\/www.instagram.com\/historiadapsicologia"]}]}},"_links":{"self":[{"href":"https:\/\/editora.historiadapsicologia.com.br\/index.php\/wp-json\/wp\/v2\/pages\/183","targetHints":{"allow":["GET"]}}],"collection":[{"href":"https:\/\/editora.historiadapsicologia.com.br\/index.php\/wp-json\/wp\/v2\/pages"}],"about":[{"href":"https:\/\/editora.historiadapsicologia.com.br\/index.php\/wp-json\/wp\/v2\/types\/page"}],"author":[{"embeddable":true,"href":"https:\/\/editora.historiadapsicologia.com.br\/index.php\/wp-json\/wp\/v2\/users\/1"}],"replies":[{"embeddable":true,"href":"https:\/\/editora.historiadapsicologia.com.br\/index.php\/wp-json\/wp\/v2\/comments?post=183"}],"version-history":[{"count":55,"href":"https:\/\/editora.historiadapsicologia.com.br\/index.php\/wp-json\/wp\/v2\/pages\/183\/revisions"}],"predecessor-version":[{"id":915,"href":"https:\/\/editora.historiadapsicologia.com.br\/index.php\/wp-json\/wp\/v2\/pages\/183\/revisions\/915"}],"wp:attachment":[{"href":"https:\/\/editora.historiadapsicologia.com.br\/index.php\/wp-json\/wp\/v2\/media?parent=183"}],"curies":[{"name":"wp","href":"https:\/\/api.w.org\/{rel}","templated":true}]}}